 + 155, r - 122*l - 44 = -120*l. What is the units digit of r?
8
Suppose 4*u + 4*h - 322 - 26 = 0, 0 = 3*u - 3*h - 243. Let f = 475 + u. What is the hundreds digit of f?
5
What is the hundreds digit of (-14 + -1)*569440/(-1200)?
1
Let i(v) = 19*v**2 + v - 3. Let p = -44 + 40. Let a(u) = -9*u**2 - u + 2. Let h(f) = p*i(f) - 9*a(f). What is the tens digit of h(3)?
5
Let l be (2 - 2/(-2)) + 2. Let w(k) = k**2 - 6*k. Let z be w(l). Let f = z + 36. What is the tens digit of f?
3
Let j = 24578 - 10876. What is the hundreds digit of j?
7
Let t = 13552 - 5461. What is the units digit of t?
1
Let f = 249 - 244. Suppose -728 - 277 = -2*y - 3*n, 0 = 4*y - f*n - 2043. What is the units digit of y?
7
Suppose 0 = 13*m - 0*m - 1196. What is the units digit of m + (-64)/(-40) + 4/10?
4
Let q(o) = 74*o + 12. Let c(m) = 73*m + 12. Let g(k) = -4*c(k) + 3*q(k). Let w be g(-5). Suppose w = 3*s - 106. What is the tens digit of s?
4
Let m(x) = 2*x - 26. Let a be m(14). Suppose -a*q + 97 = 2*k - 3*q, -2*k + 100 = -2*q. What is the tens digit of k?
4
Suppose 6*q + 60 = 4*q. What is the tens digit of ((-16)/(-1))/((q/(-81))/5)?
1
Suppose 4*f + 56 = -5*a, -9*a + 7*a + 4*f = 28. What is the units digit of (774/a + 6)/((-6)/36)?
1
Suppose 14*o - 60986 = n + 62330, -5*o = 2*n - 44032. What is the thousands digit of o?
8
What is the units digit of (1140/399)/((-2)/(-2324))?
0
Let r = -116 + 126. Suppose 0*b - 350 = -r*b. What is the units digit of b?
5
Suppose -12*p = 2*k - 169370 - 86046, 4*k = -2*p + 42562. What is the units digit of p?
5
Suppose 4*v = 3*n + 1313, 2*v + 406 = -n - 3*v. Let x = -241 - n. What is the tens digit of x?
9
Let z be (-76)/(-14) + (-84)/196. What is the tens digit of (-24)/((-1)/43 + z + -5)?
3
Let c = -98 - -103. Suppose -x = 3*x - 3*k - 831, 5 = -c*k. What is the units digit of x?
7
Let c = -2631 + 3213. What is the tens digit of c?
8
Let v(z) = -z**3 - 10*z**2 - 13*z - 70. Let k be v(-12). Suppose k = 5*w - 286. What is the units digit of w?
2
Let o be (17/(-5))/((-44)/1540). Suppose n + 2*f - 1715 = 0, 4*f + 115 - o = 0. What is the hundreds digit of n?
7
Let c = -226 + 233. Suppose 0 = -2*g + c*g - 3315. What is the units digit of g?
3
Let s = 17816 - 10430. What is the thousands digit of s?
7
Let m = -157 - -58. Let s be (-2757)/15 - (-4)/5. Let a = m - s. What is the tens digit of a?
8
Let q be 1/(1/9)*(38 - -3). Let d = 42 + q. What is the hundreds digit of d?
4
Let k be (-8)/14 + (-89248)/28 + 2. What is the hundreds digit of (4/(-6))/(3/(k/4))?
1
Let x = -2 - 70. Suppose -3*y = -2*y - 127. Let j = x + y. What is the units digit of j?
5
Suppose 3*n = -1255 - 4541. Let i = -886 - n. What is the thousands digit of i?
1
Suppose 87*o = 91*o - 72. Suppose -o*u + 6485 + 2281 = 0. What is the hundreds digit of u?
4
Suppose 3*q + 0*q = 9. Let v be 1/(q/120*4). Suppose 0 = -7*p + v*p - 81. What is the tens digit of p?
2
Suppose -8 = -11*d - 8. Suppose d = 5*r - 1936 + 571. Suppose 14*l = 259 + r. What is the tens digit of l?
3
Let y(g) = -3*g**3 + 4*g**2 + 2*g - 3. Let v = 117 - 121. What is the hundreds digit of y(v)?
2
Suppose 260 = 2*c - 28*c. Let h(l) = -32*l - 34. What is the tens digit of h(c)?
8
Let z be -1 + (-2)/2 + 3. Let b(a) = -a**3 + 5*a**2 + 13*a - 30. Let y be b(6). Let r = z + y. What is the tens digit of r?
1
Let b be ((-228)/(-5))/((-4)/(-70)). Suppose 8*u - b - 2130 = 0. Suppose u + 138 = 9*h. What is the units digit of h?
6
Let i(p) = p**3 + 4*p**2 + 8*p + 6. Let z be i(-3). Let j(h) = h**3 + 8*h**2 - 8*h - 3. Let s be j(z). What is the units digit of s/(-8)*188/6?
7
Suppose -13*f + 12*f = -814. Let o = f - 366. What is the tens digit of o?
4
What is the hundreds digit of (-60)/(5855/(-730) - -8) + 3?
9
What is the tens digit of 656/492 - (-173776)/6?
6
Suppose 4*u - y + 238 = 5*u, 4*y = 2*u - 464. Suppose 16*q = u + 996. What is the tens digit of q?
7
Let k(y) = 5428*y**2 + 5*y - 1. Let f be k(-1). Suppose 5*d + 4*b = f, 5*b + 4352 = 4*d + b. What is the units digit of d?
6
Let h(x) = 4*x + 15. Let f(m) = m + 3. Let d be f(-8). Let c be h(d). What is the tens digit of 26/(c/60 + (-1)/(-3))?
0
What is the thousands digit of 506/((-12)/(-21)*((-3444)/(-488) + -7))?
5
Let g be (17 - 1)*(3 - 1). Let d = g - 34. What is the tens digit of (-45 - d)/(((-6)/4)/3)?
8
Let j be (30 - 34) + 0 + 21. Suppose -j*f + 2216 + 793 = 0. What is the tens digit of f?
7
Suppose -173*x + 344*x + 45392 = 173*x. What is the hundreds digit of x?
6
Suppose -3*d - 56 = -7*d. Suppose -d*v + 204 = -17*v. What is the tens digit of 8/v + (-2658)/(-51)?
5
Let n = -31 - -43. Suppose 4*v = 3*t + n, -2*v = 5*t - 1 - 5. Suppose 3*b + 4*p = -2, t = -2*b + 3*p - p + 8. What is the units digit of b?
2
Let z be 3494*2*16/64. Suppose 5*p + v - z = 0, -5*p + 1209 = 2*v - 540. What is the hundreds digit of p?
3
Suppose 0 = 50*k + 505572 - 1569141 - 416781. What is the units digit of k?
7
Suppose -3*b + g = -19422, 5*g - 5402 = -3*b + 13984. What is the units digit of b?
2
Let s = 2261 - -1760. What is the thousands digit of s?
4
Let o(y) = -26546*y + 1260. What is the units digit of o(-1)?
6
Let x be (-3)/((-30)/4)*145. Let n(i) = -i. Let l be n(-34). Let f = x - l. What is the units digit of f?
4
Suppose 0 = 11*f + 5*f - 64. Let c be f/(-14) + (1 - (-1970)/(-14)). Let r = c + 262. What is the hundreds digit of r?
1
Let s be 2/((-8)/20 + 0). Let b(g) = 2*g**3 + 5*g**2 - 2*g + 13. Let t be b(s). Let p = t + 147. What is the units digit of p?
5
Let o = -484 - -343. Let x = o + 508. Suppose 0 = -4*u + r - 0*r + x, u = r + 91. What is the units digit of u?
2
Let b(u) = -32*u**3 + 2*u**2 + u - 2. Let y be b(-2). What is the hundreds digit of y + (-21)/(-3) + -3?
2
Let u = 36 + -34. Suppose -3*a + 7 = w, 3*w = u*w - 2. Suppose 0 = 5*j, a*i - 100 - 8 = 4*j. What is the tens digit of i?
3
Suppose -43 = h + 39. What is the units digit of (h - -3)*4*(-15)/6?
0
Let y(b) = -b**3 + 24*b**2 - 23*b + 4. Let g be y(23). Suppose g*f = 5*o - 83, -5*o + 5*f - 3*f + 79 = 0. What is the units digit of ((-66)/o)/((-2)/70)?
4
Suppose 0 = 325*g - g - 1215000. What is the tens digit of g?
5
What is the tens digit of -14 + (-180)/(-9) + 7794?
0
Let u(a) = a**3 - 13*a**2 - a + 20. Let c = -7 + 5. Let f be (-39)/c*(-28)/(-42). What is the units digit of u(f)?
7
Let o = 907 - -1986. What is the units digit of o?
3
Let q(d) = -d**2 - 17*d - 49. Let i be q(-4). Suppose -i*k - 19 = -a, -5*k + 60 = -7*a + 9*a. What is the tens digit of a?
2
Let u(h) = 74*h**2 - 70*h**2 - 18 + 0*h**3 - h**3 - 3*h. What is the tens digit of u(-3)?
5
What is the hundreds digit of (4 - (4035/21 - -3))*-42*1?
0
Let c = -1335 - -7305. What is the thousands digit of c?
5
Let o = -45 - -45. Let m be o + 1 + (4 - 11). What is the tens digit of (2/(-12))/(1/m)*76?
7
Suppose 212 = -2*f + c, 0*c - 426 = 4*f - c. Let a = -100 - f. Let r(v) = v**2 - 4*v - 10. What is the units digit of r(a)?
1
Suppose 35*h - 3166576 = -105*h + 42*h. What is the thousands digit of h?
2
Let r(d) = 2*d**2 + 23*d - 15. What is the hundreds digit of r(-48)?
4
Suppose -13*b = 1490 - 4740. What is the units digit of b?
0
Let t(l) = -l**2 + 9*l + 12. Let k be t(11). Let h = k - 14. Let c = 53 - h. What is the tens digit of c?
7
Suppose 140 = 5*x - 4*r, -6*r = -x - 3*r + 39. Suppose x*q - 35224 = -4*q. What is the units digit of q?
8
Let q = -570 + 573. Suppose 5*y = 2*y - 36. What is the tens digit of 1478/8 - q/y?
8
Suppose 2*j = 5*q + j - 254, 2*q = -4*j + 84. Suppose a - u = 3*u + q, 3*a = 2*u + 110. Suppose a = 2*m - 218. What is the tens digit of m?
2
Let v(p) = p**3 - 10*p**2 + 14*p - 9. Let s be -2 + (-3 - -4) + 3. Suppose -k + 14 = -s*y + 3*y, k + 3*y = 24. What is the units digit of v(k)?
6
Suppose -2*a - 2*b + 48 = 0, 0 = a - 3*a - 4*b + 46. Suppose 4*c - 5*o - a = 0, -2*c - 9*o + 5 = -4*o. What is the tens digit of 1/c - (-2 + (-807)/15)?
5
Let s(o) = -1462*o**2 + 1481*o**2 - 3*o**3 + 2*o**3 - 50 - 5*o. What is the hundreds digit of s(10)?
8
Let m = 2832 + 6154. What is the units digit of m?
6
Let h be (3 - -3 - 1) + -1. Suppose -3*l - h = o, -4*l + 0*l + 5*o + 1 = 0. What is the units digit of (1 - 80/l) + 0/2?
1
Let o = -67 + 73. Let i(n) = -n**2 + 11*n - 7. What is the units digit of i(o)?
3
Let w(n) = 1365*n - 81. Let o(y) = -1364*y + 73